e tens digit of v?
8
Suppose 70648 + 9943 = 7*d. What is the thousands digit of d?
1
Let d(w) = 3*w**2 + w + 4. Let h be (-6)/(-9) + (609/9)/(-7). Let b be (-5)/(h - -11 - (-2 - -5)). What is the tens digit of d(b)?
8
Suppose -8936 = 322*y - 330*y. Suppose 0 = -4*b + y + 2715. What is the units digit of b?
8
What is the tens digit of -1*(-11)/(65 + 12) + (-32885)/(-7)?
9
Let n(t) = -t - 1. Let s be n(-4). Suppose -5400 = -6*d - 24*d. Suppose d = s*g + 2*g. What is the tens digit of g?
3
Suppose -5*i + 3*r - 55 = 0, -2*i + 4*r - 44 = i. What is the tens digit of 8/(-16) + (-2916)/i?
6
What is the units digit of (1506798/(-485))/((-9)/75)?
0
Let a(v) = 3*v**2 - 16*v - 8. Let x be a(6). Suppose x*r - 2*o + 15 - 45 = 0, 0 = -r + 2*o. What is the units digit of 1742/r - 4/(-5)?
5
Let g(c) = c**2 + c - 9. Let k be g(-3). Let o be (38 + 332)*(k/(-2))/1. Suppose -o = -8*b + 5*b. What is the hundreds digit of b?
1
Suppose -22*b = -28533 - 23431. Suppose 470 = 6*l - b. What is the hundreds digit of l?
4
Let m = -51 + 51. Suppose 6*k = 2*k + g + 3305, m = -5*k - 2*g + 4128. What is the hundreds digit of k?
8
Let v(t) = 27*t**2 - 2*t - 5. Let u be v(-4). Let h be 3/(-15) + (-31794)/105. Let l = u + h. What is the units digit of l?
2
What is the units digit of ((-105579)/(-6))/(3/2)?
1
Let w(h) be the second derivative of 11*h**3/6 - 19*h**2/2 + 11*h. Let u be w(6). Suppose -5*p - 47 = -c, c - u - 4 = 3*p. What is the units digit of c?
7
Suppose -j = -11 + 9. Let d be ((-18)/4)/(j/(-240)). Suppose -9*s = s - d. What is the units digit of s?
4
Let r = -17393 + 39405. What is the tens digit of r?
1
Suppose 18*p + 6*p - 13*p = 0. Suppose p = 54*d - 20*d - 53720. What is the hundreds digit of d?
5
Suppose 23*w - 265 - 357 = 45. What is the tens digit of w?
2
Let f(n) = 1175*n**2 + 100*n + 204. What is the units digit of f(-2)?
4
Suppose 4*s = -4*k - 0*s - 20, -k = -3*s - 15. Let p = 21 + -17. Suppose k = p*i - 250 - 94. What is the tens digit of i?
8
Let w(q) be the third derivative of 0 + 0*q + 13*q**2 + 11/6*q**3 + 1/24*q**4 + 1/120*q**6 - 1/4*q**5. What is the tens digit of w(15)?
2
Let o(h) = 241*h + 6. Suppose 0 = -4*w - 0*p + 4*p + 8, -5*w + 2*p = -19. What is the hundreds digit of o(w)?
2
Let w(y) = y**3 - 3*y**2 - 11*y - 1. Let z be w(-2). Let v(d) = 401*d + 5. What is the units digit of v(z)?
6
Let k(w) = -2*w**3 - 4*w**2 - 35*w + 12. What is the hundreds digit of k(-10)?
9
Suppose 2*x = x + 10. Let j(z) = 2*z + 14668010 + z**2 + z - 14668018. What is the tens digit of j(x)?
2
Let o be 1*6*((-6)/6 - 4). Let p be 6/o + 41*(-2)/(-10). Suppose p*n - 52 = 12. What is the units digit of n?
8
Let o = -544 - -644. Suppose 2016 = 107*b - o*b. What is the units digit of b?
8
Let t = 388 + -330. Let m = 42 + t. What is the hundreds digit of m?
1
Let f(k) = -6*k**3 + 4*k**2 - 6. Let n be f(3). Let d = 232 - n. What is the units digit of d?
4
Let d = 1740 - 691. Suppose h - d = 5*b + 4*h, 2*b = -4*h - 428. Let k = b + 445. What is the tens digit of k?
3
Let r = 3 - 10. Suppose -2*x = -5*j + 339, 7*x - 3*j = 4*x - 486. Let b = r - x. What is the hundreds digit of b?
1
Suppose -5*o - 4*c = -2, 0 = -5*o - 0*c + 4*c + 18. Let z be 3306/33 + o*3/(-33). Suppose -5*i + 5*f = -77 - 43, 5*i - f = z. What is the units digit of i?
9
Suppose 20 = 4*l, -54*q - 17 = -53*q + 2*l. Let r(i) = 7*i**2 - 2*i + 1. Let h be r(-2). Let b = q + h. What is the units digit of b?
6
What is the units digit of (-1 - (-393024)/60) + (-12)/30?
9
Suppose 5*y = 1640 + 2215. Suppose -y = -5*m + 1199. What is the tens digit of m?
9
Let f(g) = 11*g - 13. Let i be f(2). Suppose 24 - i = 3*o. Suppose -o - 193 = -3*v. What is the units digit of v?
6
Suppose g = -4*b - 52, -156 = 3*g - 0*b - 5*b. Suppose -1026 = 44*c - 53*c. Let a = c + g. What is the units digit of a?
2
Let l = -241 + 242. Let i(o) = 74*o**2 - 2*o + 2. What is the tens digit of i(l)?
7
Suppose 5*n - 5*s = 30, 5*n - 62 = -0*n - 3*s. Suppose -768 = -n*d - 318. What is the units digit of d?
5
Let n be 95/(((12/8)/(-1))/3). Let s = n + 556. What is the tens digit of s?
6
Let w(z) = 8*z**2 + 324*z - 1187. What is the hundreds digit of w(69)?
2
Let g(a) be the second derivative of a**5/10 + a**4/6 - a**3/3 + 2*a**2 + a - 68. Let b be 2/(-9) - 80/(-36). What is the units digit of g(b)?
4
Suppose 5 - 23 = -2*d + 5*u, 3*u = d - 10. Suppose -d*v + 5*k + 903 = 0, -3*k = 3*v - k - 683. Let j = v + -95. What is the tens digit of j?
3
Let n = 1042 - 592. Suppose -4*c + 372 = -f, 5*c + 0*f - n = 5*f. Suppose -4*q - 2 + c = 0. What is the units digit of q?
3
Let w be (1060/12*-1)/((-1)/(-3)). What is the hundreds digit of ((-13356)/w)/(2/10)?
2
Suppose -37*k + 93894 = 30632 - 138499. What is the units digit of k?
3
Suppose -w + p + 639 = 0, 8*p + 653 = 139*w - 138*w. What is the hundreds digit of w?
6
Let p(v) = -3*v**3 - 104*v**2 + 18*v - 64. What is the hundreds digit of p(-36)?
4
Let m(f) = 1821*f - 2864. What is the tens digit of m(28)?
2
Let u(s) = -s - 3. Let c be u(-10). Let f(j) = 7*j - 21. Let w be f(c). Suppose -140 = -2*r - w. What is the tens digit of r?
5
Suppose 5*b - 259 + 19 = 0. Let n = b - 9. Suppose -41*a + 180 = -n*a. What is the tens digit of a?
9
Suppose -4*h + 16384 = -3*b, 1299 = -h + 4*b + 5395. What is the thousands digit of h?
4
Suppose b - 6*b = 3*i - 196, -b - 5*i = -48. Let v = b - 34. Suppose 0 = 4*k + v*k - 264. What is the units digit of k?
3
Suppose -2*g = -3*x - 81483, -5*x = -31*g + 29*g + 81493. What is the thousands digit of g?
0
Suppose -2 = 2*b, -3*o - b - 4*b + 25948 = 0. What is the hundreds digit of o?
6
Let x = 16632 - 6041. What is the units digit of x?
1
Suppose 7*r - 42701 - 31923 = u, -4*u = -r + 10676. What is the units digit of r?
0
Suppose -o = -k + 16, 4*k - 2*k = -2*o + 28. Let t = -12 + k. Suppose 48 = 3*u - 5*j, t*u = 4*j + 15 + 36. What is the units digit of u?
1
Let k(b) = b**2 - 9*b - 13. Let y be k(9). Let u = 106 - y. Let g = u + -26. What is the units digit of g?
3
Suppose 0 = -24*g - 18*g + 70686. Let z = g - 534. What is the thousands digit of z?
1
Suppose -4*g + 68880 = g. Suppose -3*p + 15*p = g. What is the units digit of p?
8
Suppose -30 = -2*a - 2*v - 24, 3*v - 15 = -5*a. What is the tens digit of ((-14)/8)/((-3)/4428*a)?
6
Let z = 24413 - 3090. What is the hundreds digit of z?
3
Let p(m) = 9*m + 6. Let a be (-6)/12*12*-2. Suppose -10 = a*j - 14*j. What is the units digit of p(j)?
1
Let q(g) = g**2 - 12*g - 3. Let y be q(11). Let o be 1 + -5 - (-55 - y). Let r = 21 + o. What is the units digit of r?
8
Let k = -20145 + 57835. What is the hundreds digit of k?
6
Let k = 63450 - 45138. What is the ten thousands digit of k?
1
Let n(v) = 3 - 1 - 1795*v**3 + 2*v + 1721*v**3 - v**2. Suppose -3*g - g + 2*j - 12 = 0, -4*j + 20 = -4*g. What is the tens digit of n(g)?
7
Let l = -181 + 190. Suppose -14*t + 1810 = -l*t. What is the hundreds digit of t?
3
Suppose -88*h + 78*h + 40 = 0. Suppose 2*m + 116 = 6*m. Suppose 0 = -2*w - h*l + m + 57, -5*w + 259 = -l. What is the units digit of w?
1
Suppose -10*n = 10*n + 6940. Let f = n - -598. What is the tens digit of f?
5
Let m(k) = -k**2 + 16*k + 23. Let l be m(17). Suppose 3*g - l*g = 2*i + 16, 4*g - 17 = 5*i. Let f(h) = 8*h**2 + h - 4. What is the units digit of f(g)?
6
Suppose -8*z + 9*z = -5, -z - 14 = -3*n. Suppose 0 = -i - b + 10, -5*i - n*b = -i - 42. What is the units digit of i?
2
Suppose -4*r = -5*d + 18, -4*d - 5*r + 30 = -3*r. Let h be (-12)/(-18) - (-410)/d. Suppose 129 = 2*n - h. What is the units digit of n?
9
Let k(q) = q**3 - 7*q**2 + 6*q + 22. Let o be k(5). Suppose -v + o + 93 = 0. What is the tens digit of v?
9
Let n = -14 + 35. Let l be 319/99 - (-1 - (-33)/27). What is the units digit of (-5)/(-15)*(n - l)?
6
Let l(c) be the first derivative of c**3/3 - 7*c**2/2 + 9*c + 42. Let o be l(6). Suppose 0 = 5*p - 5, 0 = -2*k + p + o*p + 346. What is the hundreds digit of k?
1
Suppose 65*p - 1097213 - 1757164 = 1631078. What is the tens digit of p?
0
Suppose -36*k = -3273 - 1515. Suppose -60*f + 59*f = -k. What is the units digit of f?
3
Let j(w) = -w**3 - 23*w**2 + 41*w - 45. Let s = -79 + 54. What is the tens digit of j(s)?
8
Let f = -2290 + 2296. Let m = 6 - 2. Suppose -70 = -f*k + m*k. What is the tens digit of k?
3
Let d = 33092